 greatest common divisor of 748 and 18156.
68
What is the highest common divisor of 88368 and 2954?
14
Calculate the greatest common factor of 965 and 1029076.
193
What is the highest common divisor of 12840 and 7080?
120
What is the highest common factor of 301032 and 113?
113
What is the greatest common factor of 1825 and 1025?
25
What is the highest common factor of 341393 and 13?
13
What is the highest common divisor of 24110 and 970?
10
What is the greatest common factor of 10443 and 192?
3
What is the highest common divisor of 272 and 10438?
34
Calculate the highest common divisor of 54 and 7902.
18
Calculate the greatest common divisor of 1648 and 256.
16
Calculate the highest common factor of 36720 and 45.
45
What is the highest common divisor of 1808 and 18?
2
What is the highest common divisor of 152145 and 230?
115
Calculate the greatest common factor of 12951 and 288.
9
What is the highest common factor of 444 and 296?
148
What is the greatest common factor of 323032 and 20264?
1192
What is the highest common factor of 11277677 and 334?
167
Calculate the greatest common factor of 688 and 75766.
86
Calculate the highest common divisor of 237504 and 384.
192
What is the greatest common divisor of 49 and 390138?
49
What is the highest common divisor of 640 and 1568?
32
Calculate the greatest common divisor of 900602 and 10.
2
Calculate the highest common factor of 294 and 21084.
42
What is the greatest common divisor of 308 and 25522?
14
Calculate the highest common divisor of 12 and 18066.
6
Calculate the highest common divisor of 31094 and 294.
14
Calculate the highest common divisor of 1575 and 93375.
225
What is the greatest common factor of 70651 and 7?
7
What is the highest common factor of 15704 and 82784?
104
What is the greatest common divisor of 12156 and 36?
12
Calculate the greatest common divisor of 2288975 and 1625.
325
What is the greatest common divisor of 11 and 168509?
11
What is the greatest common factor of 986523 and 28443?
1497
Calculate the greatest common factor of 218015 and 210.
35
Calculate the greatest common factor of 114 and 23750.
38
Calculate the highest common divisor of 200 and 38925.
25
Calculate the highest common factor of 355 and 140367.
71
Calculate the highest common factor of 41332 and 4.
4
What is the highest common divisor of 10 and 3842890?
10
Calculate the greatest common divisor of 118 and 582.
2
Calculate the greatest common factor of 11 and 3109.
1
Calculate the greatest common factor of 2185 and 9215.
95
Calculate the greatest common factor of 861461 and 2308.
577
Calculate the greatest common factor of 1392 and 240.
48
Calculate the highest common divisor of 9370 and 230.
10
What is the highest common divisor of 89484 and 12?
12
Calculate the greatest common factor of 1035996 and 87.
87
What is the greatest common divisor of 2014 and 138118?
106
What is the highest common divisor of 48384 and 12?
12
What is the greatest common divisor of 12 and 134124?
12
What is the highest common factor of 2430 and 5886?
54
What is the highest common factor of 13091 and 1113?
53
Calculate the greatest common factor of 2533 and 38889.
149
Calculate the highest common factor of 8321 and 3551.
53
Calculate the highest common factor of 36361 and 39.
13
Calculate the greatest common factor of 2555 and 75635.
35
What is the greatest common factor of 5915132 and 628?
628
What is the highest common divisor of 41 and 1241029?
41
What is the greatest common factor of 241359 and 516?
129
Calculate the greatest common factor of 241396 and 4292.
116
What is the highest common factor of 1547748 and 162?
162
What is the greatest common divisor of 3349 and 289787?
197
What is the greatest common factor of 54 and 103869?
27
Calculate the highest common divisor of 2157 and 93.
3
Calculate the greatest common divisor of 15 and 69213.
3
Calculate the highest common divisor of 773005 and 53.
53
Calculate the greatest common divisor of 2425103 and 19.
19
Calculate the highest common divisor of 8567 and 416.
13
Calculate the highest common divisor of 2892 and 7008.
12
Calculate the greatest common factor of 5902 and 26332.
454
What is the greatest common factor of 30191 and 57?
19
Calculate the highest common factor of 55 and 15935.
5
Calculate the greatest common divisor of 4791648 and 592.
592
What is the highest common divisor of 330 and 803100?
30
Calculate the greatest common divisor of 4291 and 49653.
613
What is the greatest common factor of 2702 and 49?
7
What is the greatest common divisor of 12667 and 212?
53
What is the greatest common divisor of 1053642 and 3015?
201
What is the greatest common factor of 2467759 and 2338?
1169
What is the greatest common divisor of 15246 and 1764?
126
Calculate the greatest common divisor of 303 and 48.
3
Calculate the greatest common factor of 4950 and 1341.
9
Calculate the highest common factor of 13200 and 86600.
200
Calculate the highest common factor of 172 and 9453292.
172
What is the highest common factor of 1576872 and 360?
72
Calculate the highest common factor of 48504 and 44556.
564
Calculate the greatest common divisor of 812 and 1750.
14
What is the highest common divisor of 1135923 and 9?
3
What is the highest common factor of 5085 and 18945?
45
Calculate the greatest common divisor of 2388312 and 16.
8
What is the highest common factor of 72 and 18306?
18
What is the greatest common divisor of 103891 and 299?
23
What is the greatest common factor of 54981 and 10701?
369
What is the greatest common factor of 1750 and 2058?
14
Calculate the greatest common factor of 55 and 11077.
11
What is the highest common factor of 79650 and 3420?
90
Calculate the highest common divisor of 608 and 1349.
19
What is the highest common factor of 194772 and 12?
12
What is the greatest common factor of 76 and 231382?
38
What is the highest common divisor of 626 and 10?
2
Calculate the highest common divisor of 32 and 18.
2
What is the highest common factor of 6790 and 2129344?
1358
Calculate the greatest common divisor of 2408 and 26144.
344
What is the greatest common factor of 2960 and 10212?
148
Calculate the greatest common factor of 175091 and 7.
7
What is the highest common factor of 2340 and 21580?
260
Calculate the greatest common factor of 13485 and 101835.
465
Calculate the greatest common divisor of 127570 and 30.
10
Calculate the highest common factor of 1622769 and 68.
17
What is the greatest common factor of 138 and 306?
6
Calculate the highest common factor of 29040 and 3920.
80
What is the greatest common divisor of 2700580 and 40?
20
What is the greatest common divisor of 50 and 236450?
50
Calculate the highest common factor of 1287296 and 16.
16
Calculate the highest common factor of 2485306 and 566.
566
Calculate the greatest common divisor of 11618376 and 42.
42
Calculate the greatest common divisor of 728 and 235768.
104
What is the highest common factor of 945 and 3314871?
189
What is the greatest common factor of 55 and 195459?
11
Calculate the highest common divisor of 2374274 and 98.
14
Calculate the highest common divisor of 85515 and 15.
15
What is the greatest common divisor of 952 and 36?
4
Calculate the highest common factor of 539 and 17983.
49
Calculate the highest common factor of 1258 and 590372.
74
What is the highest common factor of 397910 and 10?
10
What is the highest common divisor of 564 and 360678?
282
Calculate the greatest common divisor of 86 and 137.
1
Calculate the highest common factor of 248 and 24152.
8
Calculate the highest common factor of 38352 and 16826.
94
Calculate the greatest common divisor of 127073 and 83.
83
What is the highest common factor of 3971 and 803?
11
What is the greatest common divisor of 85960 and 96?
8
Calculate the highest common factor of 2255 and 1210.
55
Calculate the greatest common factor of 105 and 40395.
15
What is the greatest common divisor of 2231992 and 8?
8
Calculate the highest common divisor of 15342 and 30.
6
Calculate the greatest common factor of 19390 and 490.
70
What is the greatest common factor of 22125766 and 26?
26
What is the greatest common divisor of 152823 and 121?
121
What is the highest common factor of 279737 and 361?
19
What is the highest common factor of 43614 and 54?
18
